{"id":141996,"date":"2026-07-24T04:37:25","date_gmt":"2026-07-24T02:37:25","guid":{"rendered":"https:\/\/provence-mediterranee.prep.faire-savoir.eu\/fmaprov500peu-en"},"modified":"2026-08-06T18:20:29","modified_gmt":"2026-08-06T16:20:29","slug":"festival-theatre-dans-les-vignes-3-veuves-a-la-mer","status":"publish","type":"agenda","link":"https:\/\/provence-mediterranee.prep.faire-savoir.eu\/en\/agenda\/festival-theatre-dans-les-vignes-3-veuves-a-la-mer\/","title":{"rendered":"Festival th\u00e9\u00e2tre dans les vignes : &#8220;3 veuves \u00e0 la mer&#8221;"},"author":2,"template":"","meta":{"_acf_changed":false,"_links_to":"","_links_to_target":""},"class_list":["post-141996","agenda","type-agenda","status-publish","hentry"],"acf":[],"_links":{"self":[{"href":"https:\/\/provence-mediterranee.prep.faire-savoir.eu\/en\/wp-json\/wp\/v2\/agenda\/141996","targetHints":{"allow":["GET"]}}],"collection":[{"href":"https:\/\/provence-mediterranee.prep.faire-savoir.eu\/en\/wp-json\/wp\/v2\/agenda"}],"about":[{"href":"https:\/\/provence-mediterranee.prep.faire-savoir.eu\/en\/wp-json\/wp\/v2\/types\/agenda"}],"author":[{"embeddable":true,"href":"https:\/\/provence-mediterranee.prep.faire-savoir.eu\/en\/wp-json\/wp\/v2\/users\/2"}],"wp:attachment":[{"href":"https:\/\/provence-mediterranee.prep.faire-savoir.eu\/en\/wp-json\/wp\/v2\/media?parent=141996"}],"curies":[{"name":"wp","href":"https:\/\/api.w.org\/{rel}","templated":true}]}}

Festival théâtre dans les vignes : &#8220;3 veuves à la mer&#8221;
